a - 605 + 5957. Calculate the greatest common divisor of j and 222.
37
Let c(g) = -10*g**2 + 118*g + 52. Let y be c(12). Let m(j) = 2*j - 6. Let b be m(17). Calculate the greatest common factor of b and y.
28
Let z = 257 + -268. Let b(q) = -59*q - 246. Let i be b(z). What is the greatest common factor of 52 and i?
13
Suppose 0 - 188 = -47*c. Calculate the highest common factor of c and 1024.
4
Let n = 13642 + -5740. Calculate the highest common divisor of 18 and n.
18
Let l be (0 + 135)*20/15. Let v = 1744 + -1720. Calculate the highest common factor of l and v.
12
Let r(b) = -4*b + 1. Let u be r(-1). Suppose 4*m + u = -o + 15, m + o - 1 = 0. Let y be ((-42)/(-6) - 8)/(4 - 5). What is the greatest common factor of m and y?
1
Let z = 90354 + -90338. Let p = 23 - 7. Calculate the highest common factor of p and z.
16
Let g be (-80)/140 + 512/14. Suppose -v = y + 23, y - 6*v + 7 = -11*v. Let s = g - y. What is the greatest common factor of s and 18?
9
Suppose 5*c + n - 12743 = 0, -42*n + 38*n - 2578 = -c. Calculate the highest common factor of c and 15.
15
Let u(n) = 11*n**2 + 4*n - 10. Let q be u(3). Suppose -k + q - 61 = 0. What is the highest common factor of 8 and k?
8
Let i(x) = 14*x**2 + x - 20. Let n be i(-6). Suppose 28*m = -2 + n. What is the greatest common factor of m and 51?
17
Suppose 2*r - 164 = -2*c + 648, -3*r - 2*c = -1212. Calculate the highest common divisor of r and 160.
80
Let t = 17069 + -5644. Calculate the highest common factor of t and 50.
25
Let f = 169 - 23. Let p = -77 + f. Let t be (-2 + p + 2)*1/3. Calculate the highest common divisor of 161 and t.
23
Suppose 17*q - 30*q = -910. Let h(b) = -47*b - 34. Let x be h(-4). What is the greatest common factor of x and q?
14
Let a be 3/(-9) + 2980/12. Suppose -15*s + a = k - 13*s, s = -3*k + 744. What is the highest common divisor of 31 and k?
31
Suppose -6*k - 144 = 2658. Let a = -117 - k. What is the highest common divisor of 200 and a?
50
Let o(s) = s**3 - 17*s**2 + 1. Let x be o(17). Let g(t) = 38*t**3 - 3*t**2 + t. Let c be g(x). What is the highest common divisor of c and 270?
18
Let f = 558 - 404. Suppose 458 = 3*h + 149. Let i = f - h. What is the greatest common factor of 408 and i?
51
Let s = -1193 - -5920. Calculate the greatest common divisor of s and 203.
29
Let w be (11/(110/(-104)))/((-18)/4410). What is the highest common factor of w and 52?
52
Let x(m) = -m**2 - 3*m + 6. Let n = -42 - -38. Let v be x(n). Suppose -2*c - 4*u = -6, -3*c + 3*u = v*c - 15. Calculate the highest common factor of c and 3.
3
Let c be 228/2394 - (-2222)/693*(-33)/(-2). Suppose -2*w + w + 1431 = 0. Calculate the highest common factor of w and c.
53
Let u(f) = 14*f - 3. Suppose 5*w - g = -13, -7 - 5 = -4*g. Let q be u(w). Let o be (q/2)/(-2 - (-6)/4). What is the greatest common factor of o and 31?
31
Suppose -4*q + 640 = 132. Let s be (-1238)/(-14) - 148/(-259). Let c = q - s. What is the greatest common factor of 57 and c?
19
Let t be 7 + -14 - -437 - (-4)/((-28)/49). What is the greatest common divisor of t and 4089?
141
Suppose 3*n + 97 + 434 = 4*u, u + 2*n = 141. Let g = -75 + 77. Suppose -2*f + g - 73 = -3*y, 5*f = -3*y + 106. Calculate the highest common factor of y and u.
27
Let y(a) = -8*a**2 - 2*a**3 + 13*a - 30 + 3*a**3 + 11 - a**2. Let p be y(8). Let d = 249 - 102. Calculate the highest common factor of d and p.
21
Let f be (-224)/784 + 450/7. Calculate the highest common factor of 44 and f.
4
Let s be (11/3)/(-6 + (-4700)/(-780)). Calculate the greatest common divisor of 39 and s.
13
Let q(v) = 0*v**3 + 3*v**3 + 38 + v - v**2 - 4*v**3. Let j be q(0). Suppose 613*a - 45980 = 129*a. Calculate the highest common factor of j and a.
19
Let x be 91/14*((1 - -2) + -1). Suppose x*d + 3*m - 826 = 8*d, 0 = -d + 3*m + 158. What is the highest common divisor of d and 41?
41
Let f(s) = -s**3 - 4*s**2 - 15*s - 7. Let o be f(-5). Let w = 156 - o. What is the highest common factor of 18 and w?
9
Let o(m) = m + 10. Let g = -63 + 54. Let y be o(g). Let b be ((-112)/5 - y)*30/(-9). What is the greatest common factor of b and 26?
26
Suppose -d + 17560 - 4228 = 0. Let h be 3*d/(-54)*3/(-2). Suppose -3*a + h = 5*p - 5*a, 0 = -3*p + 2*a + 669. Calculate the greatest common divisor of p and 17.
17
Let z = 1358 + -1043. What is the greatest common factor of z and 1365?
105
Let r(h) = 8*h + 60. Let p be r(-5). Suppose 25*s - 15 = p*s. Calculate the highest common factor of 51 and s.
3
Let t = -678 - -713. Let n be (-1638)/12*(-30)/t. Calculate the greatest common factor of n and 13.
13
Let l = -4653 + 5220. What is the highest common factor of l and 882?
63
Let a be (-23)/(-2) - (-1)/(-2). Let f be (10*(-1)/(-35))/((-2)/(-826)). Let w = f + -41. What is the highest common divisor of a and w?
11
Suppose 0 = 47*w - 45*w - 24. What is the highest common factor of w and 1434?
6
Suppose -h + 4*f = -178, -1258*h + 4*f = -1262*h + 592. Suppose 87 + 23 = 5*s. What is the highest common divisor of s and h?
22
Let m be 2/6*(-2 + (64 - -1)). Suppose -m*h + 88 = -20*h. Calculate the highest common divisor of 8 and h.
8
Let d = -7777 - -7786. Suppose 3*b + v = 6, -8 = -4*b - 5*v + 3*v. Let z be b/6 - 592/(-6). Calculate the greatest common factor of z and d.
9
Let m(v) = 46*v**2 + 3*v - 4. Let d be m(1). Let p(c) = -5*c + 15. Let z be p(6). Let j be (-5)/z*1*d. Calculate the highest common factor of j and 15.
15
Let c(z) = z**3 - 4*z**2 - 20*z + 23. Let w be c(9). What is the highest common factor of 200 and w?
8
Let c be (144/(-28) + 6)*(-14)/(-4). Let z be 406/c + (-10)/(-15). What is the highest common factor of 17 and z?
17
Let n be ((-16)/20)/(8/20). Let a be ((-80)/2 + -2)/n. Let h = 9 + -3. Calculate the greatest common factor of h and a.
3
Let n(z) = -2*z + 11*z + 2*z**2 - 5 - 2*z. Let v be n(-6). Suppose 2*x + 18 = 2*a, -2*x - 19*a + 16*a = -52. What is the highest common factor of x and v?
5
Suppose 2*i + 2 = m + 246, -5*m + 244 = 2*i. What is the greatest common divisor of 9638 and i?
122
Suppose 163 = -10*y - 197. Let u be (10 + (-136)/16)/((-2)/y). What is the greatest common factor of u and 153?
9
Let k(i) = 4*i + 17. Let z be k(-3). Suppose 384 = z*f + 3*f. Calculate the greatest common factor of 3 and f.
3
Let g = -23 - -50. Let i be ((384608/42)/17)/((-2)/(-3)). Let z = i + -592. Calculate the highest common divisor of g and z.
27
Suppose -5 - 1 = -2*o. Suppose -r - 2*g + 1 = -6*g, o*r - 5*g + 32 = 0. Let l = r - -28. What is the greatest common divisor of l and 72?
9
Let g be (-32)/(-10) + (84/30 - 3). Let c(k) = 317*k + 9. Let b be c(g). Suppose 20*m - 10*m - b = 0. Calculate the highest common divisor of m and 32.
32
Suppose 3*y - 596 + 30 = v, 4*y + v - 757 = 0. What is the highest common divisor of 864 and y?
27
Let q be (-31)/(-4) - -1 - 10/(-40). Let v = -32 - q. Let z = v - -42. Calculate the greatest common divisor of z and 3.
1
Let n = 1753 + -974. Calculate the highest common factor of 82 and n.
41
Let h = 37 + -161. Let n be (4/6)/(h/(-30) + -4). Calculate the greatest common factor of n and 5.
5
Let x(k) = 19*k - 15. Let y be x(2). Let b = y - 15. Suppose -4*z = -4*m - 2*z + b, 4 = 2*m - 4*z. Calculate the greatest common factor of 14 and m.
2
Let j be (-16)/2 + 1 + 253. Calculate the highest common divisor of j and 8.
2
Let x be (-3272)/(-16) - 2/4. Let g(q) = 2354*q + 35327. Let i be g(-15). Calculate the greatest common divisor of i and x.
17
Let n = 106 - 94. Suppose 0 = 3*f, 4*o - 2*f = -4*f + 240. Calculate the greatest common divisor of n and o.
12
Suppose 0 = -x + 682 + 557. Let w = x + -667. Suppose g + 3*g = 208. Calculate the greatest common divisor of w and g.
52
Let h be 1 + (-2 - -4*4). Suppose -17*d + h*d = -294. Let s = -72 + d. Calculate the greatest common factor of s and 30.
15
Let l(u) be the second derivative of u**5/10 + 17*u**4/12 - 2*u**3 + 4*u**2 + 8*u - 1. Let q be l(-9). Calculate the greatest common divisor of 315 and q.
35
Suppose -156 = -2*t - 16. Let h = 545 - 544. Let m be (1 + h)/(7/t). Calculate the greatest common factor of 140 and m.
20
Let d(r) = 18*r + 619. Let z be d(19). Calculate the greatest common divisor of 124 and z.
31
Let n = -225 + 219. Let k be (216/15 + n)*(3 - -2). What is the highest common divisor of 4 and k?
2
Suppose 4*g - 3